{"id":1145,"date":"2022-03-31T20:01:43","date_gmt":"2022-03-31T20:01:43","guid":{"rendered":"https:\/\/tellarestaurante.com\/cartas\/?page_id=1145"},"modified":"2022-03-31T20:37:21","modified_gmt":"2022-03-31T20:37:21","slug":"asturiras","status":"publish","type":"page","link":"https:\/\/tellarestaurante.com\/cartas\/?page_id=1145","title":{"rendered":"Asturias"},"content":{"rendered":"\t\t<div data-elementor-type=\"wp-page\" data-elementor-id=\"1145\" class=\"elementor elementor-1145\">\n\t\t\t\t\t\t\t\t\t<section class=\"elementor-section elementor-top-section elementor-element elementor-element-806f3da elementor-section-height-min-height elementor-section-boxed elementor-section-height-default elementor-section-items-middle\" data-id=\"806f3da\" data-element_type=\"section\" data-settings=\"{&quot;background_background&quot;:&quot;slideshow&quot;,&quot;background_slideshow_gallery&quot;:[{&quot;id&quot;:1059,&quot;url&quot;:&quot;https:\\\/\\\/tellarestaurante.com\\\/cartas\\\/wp-content\\\/uploads\\\/2022\\\/03\\\/lastres.jpg&quot;},{&quot;id&quot;:1147,&quot;url&quot;:&quot;https:\\\/\\\/tellarestaurante.com\\\/cartas\\\/wp-content\\\/uploads\\\/2022\\\/03\\\/Faro-Luces-Ma\\u0301s-alla-de-Orion-min-scaled.jpg&quot;}],&quot;background_slideshow_loop&quot;:&quot;yes&quot;,&quot;background_slideshow_slide_duration&quot;:5000,&quot;background_slideshow_slide_transition&quot;:&quot;fade&quot;,&quot;background_slideshow_transition_duration&quot;:500}\">\n\t\t\t\t\t\t\t<div class=\"elementor-background-overlay\"><\/div>\n\t\t\t\t\t\t\t<div class=\"elementor-container elementor-column-gap-default\">\n\t\t\t\t\t<div class=\"elementor-column elementor-col-100 elementor-top-column elementor-element elementor-element-3e32cb6\" data-id=\"3e32cb6\" data-element_type=\"column\">\n\t\t\t<div class=\"elementor-widget-wrap elementor-element-populated\">\n\t\t\t\t\t\t\t\t<div class=\"elementor-element elementor-element-88b3668 elementor-widget elementor-widget-heading\" data-id=\"88b3668\" data-element_type=\"widget\" data-widget_type=\"heading.default\">\n\t\t\t\t<div class=\"elementor-widget-container\">\n\t\t\t<style>\/*! elementor - v3.12.2 - 23-04-2023 *\/\n.elementor-heading-title{padding:0;margin:0;line-height:1}.elementor-widget-heading .elementor-heading-title[class*=elementor-size-]>a{color:inherit;font-size:inherit;line-height:inherit}.elementor-widget-heading .elementor-heading-title.elementor-size-small{font-size:15px}.elementor-widget-heading .elementor-heading-title.elementor-size-medium{font-size:19px}.elementor-widget-heading .elementor-heading-title.elementor-size-large{font-size:29px}.elementor-widget-heading .elementor-heading-title.elementor-size-xl{font-size:39px}.elementor-widget-heading .elementor-heading-title.elementor-size-xxl{font-size:59px}<\/style><h2 class=\"elementor-heading-title elementor-size-default\">Descubre Asturias<\/h2>\t\t<\/div>\n\t\t\t\t<\/div>\n\t\t\t\t\t<\/div>\n\t\t<\/div>\n\t\t\t\t\t\t\t<\/div>\n\t\t<\/section>\n\t\t\t\t<section class=\"elementor-section elementor-top-section elementor-element elementor-element-8befc4b elementor-section-boxed elementor-section-height-default elementor-section-height-default\" data-id=\"8befc4b\" data-element_type=\"section\">\n\t\t\t\t\t\t<div class=\"elementor-container elementor-column-gap-default\">\n\t\t\t\t\t<div class=\"elementor-column elementor-col-100 elementor-top-column elementor-element elementor-element-103b761\" data-id=\"103b761\" data-element_type=\"column\">\n\t\t\t<div class=\"elementor-widget-wrap elementor-element-populated\">\n\t\t\t\t\t\t\t\t<div class=\"elementor-element elementor-element-f8eda29 elementor-widget elementor-widget-heading\" data-id=\"f8eda29\" data-element_type=\"widget\" data-widget_type=\"heading.default\">\n\t\t\t\t<div class=\"elementor-widget-container\">\n\t\t\t<h2 class=\"elementor-heading-title elementor-size-default\">Asturias, el secreto mejor guardado de Espa\u00f1a<\/h2>\t\t<\/div>\n\t\t\t\t<\/div>\n\t\t\t\t<div class=\"elementor-element elementor-element-0ff6cb5 elementor-widget elementor-widget-text-editor\" data-id=\"0ff6cb5\" data-element_type=\"widget\" data-widget_type=\"text-editor.default\">\n\t\t\t\t<div class=\"elementor-widget-container\">\n\t\t\t<style>\/*! elementor - v3.12.2 - 23-04-2023 *\/\n.elementor-widget-text-editor.elementor-drop-cap-view-stacked .elementor-drop-cap{background-color:#69727d;color:#fff}.elementor-widget-text-editor.elementor-drop-cap-view-framed .elementor-drop-cap{color:#69727d;border:3px solid;background-color:transparent}.elementor-widget-text-editor:not(.elementor-drop-cap-view-default) .elementor-drop-cap{margin-top:8px}.elementor-widget-text-editor:not(.elementor-drop-cap-view-default) .elementor-drop-cap-letter{width:1em;height:1em}.elementor-widget-text-editor .elementor-drop-cap{float:left;text-align:center;line-height:1;font-size:50px}.elementor-widget-text-editor .elementor-drop-cap-letter{display:inline-block}<\/style>\t\t\t\t<p class=\"text-destacado\">Viajar a Asturias permite recordar sensaciones que con frecuencia se olvidan, como la calma de encontrarse en amplios valles verdes y pisar la hierba, el aroma del mar durante un amanecer o el roce del aire fresco mientras disfrutas de las vistas en los impresionantes miradores naturales.<\/p><p class=\"text-secundario\">Y no son las \u00fanicas sensaciones que te esperan: la cocina de Asturias es popular en Espa\u00f1a por su sabor; la regi\u00f3n posee ejemplos de arte prerrom\u00e1nico \u00fanicos y sus ciudades se han reinventado a trav\u00e9s de la cultura y la arquitectura dejando atr\u00e1s su pasado m\u00e1s industrial.<\/p>\t\t\t\t\t\t<\/div>\n\t\t\t\t<\/div>\n\t\t\t\t\t<\/div>\n\t\t<\/div>\n\t\t\t\t\t\t\t<\/div>\n\t\t<\/section>\n\t\t\t\t<section class=\"elementor-section elementor-top-section elementor-element elementor-element-2052dbf elementor-section-boxed elementor-section-height-default elementor-section-height-default\" data-id=\"2052dbf\" data-element_type=\"section\">\n\t\t\t\t\t\t<div class=\"elementor-container elementor-column-gap-default\">\n\t\t\t\t\t<div class=\"elementor-column elementor-col-100 elementor-top-column elementor-element elementor-element-234dbec\" data-id=\"234dbec\" data-element_type=\"column\">\n\t\t\t<div class=\"elementor-widget-wrap elementor-element-populated\">\n\t\t\t\t\t\t\t\t<div class=\"elementor-element elementor-element-86fe650 elementor-widget elementor-widget-heading\" data-id=\"86fe650\" data-element_type=\"widget\" data-widget_type=\"heading.default\">\n\t\t\t\t<div class=\"elementor-widget-container\">\n\t\t\t<h2 class=\"elementor-heading-title elementor-size-default\">Para\u00edso Natural<\/h2>\t\t<\/div>\n\t\t\t\t<\/div>\n\t\t\t\t<div class=\"elementor-element elementor-element-cc9560d elementor-widget elementor-widget-text-editor\" data-id=\"cc9560d\" data-element_type=\"widget\" data-widget_type=\"text-editor.default\">\n\t\t\t\t<div class=\"elementor-widget-container\">\n\t\t\t\t\t\t\t<p>Esta regi\u00f3n del norte de Espa\u00f1a es una invitaci\u00f3n a encontrarte con la naturaleza, a dedicarte el tiempo que te mereces y a practicar el placer de cuidarse a uno mismo. Asturias es buen destino para hacerlo de forma pausada, con sabrosas comidas y toda la naturaleza a tu alcance. Por algo se la conoce como para\u00edso natural.Asturias es, en esencia, naturaleza y bienestar, unas vacaciones en las que comer bien, descansar y dejarte llevar por el ambiente rural de su interior, la vida de sus ciudades y el encanto de sus villas marineras.\u00a0<\/p>\t\t\t\t\t\t<\/div>\n\t\t\t\t<\/div>\n\t\t\t\t\t<\/div>\n\t\t<\/div>\n\t\t\t\t\t\t\t<\/div>\n\t\t<\/section>\n\t\t\t\t<section class=\"elementor-section elementor-top-section elementor-element elementor-element-1f3be66 elementor-section-boxed elementor-section-height-default elementor-section-height-default\" data-id=\"1f3be66\" data-element_type=\"section\">\n\t\t\t\t\t\t<div class=\"elementor-container elementor-column-gap-default\">\n\t\t\t\t\t<div class=\"elementor-column elementor-col-100 elementor-top-column elementor-element elementor-element-adcc32a\" data-id=\"adcc32a\" data-element_type=\"column\">\n\t\t\t<div class=\"elementor-widget-wrap elementor-element-populated\">\n\t\t\t\t\t\t\t\t<div class=\"elementor-element elementor-element-dc24d4d elementor-widget elementor-widget-heading\" data-id=\"dc24d4d\" data-element_type=\"widget\" data-widget_type=\"heading.default\">\n\t\t\t\t<div class=\"elementor-widget-container\">\n\t\t\t<h2 class=\"elementor-heading-title elementor-size-default\">Patrimonio y modernidad<\/h2>\t\t<\/div>\n\t\t\t\t<\/div>\n\t\t\t\t<div class=\"elementor-element elementor-element-a5b70ba elementor-widget elementor-widget-text-editor\" data-id=\"a5b70ba\" data-element_type=\"widget\" data-widget_type=\"text-editor.default\">\n\t\t\t\t<div class=\"elementor-widget-container\">\n\t\t\t\t\t\t\t<p>Asturias posee varias localizaciones Patrimonio Mundial que puedes visitar: las iglesias prerrom\u00e1nicas de los alrededores de Oviedo, los tramos del Camino de Santiago que pasan por la regi\u00f3n, varias cuevas prehist\u00f3ricas con arte rupestre, la C\u00e1mara Santa de la Catedral de Oviedo y la fuente de la Foncalada (los dos \u00faltimos, en Oviedo).Las tres ciudades principales de la regi\u00f3n son Oviedo, Gij\u00f3n y Avil\u00e9s. La primera ha sido escenario de pel\u00edcula para Woody Allen e inspiraci\u00f3n para escritores como Clar\u00edn. Un paseo por su casco hist\u00f3rico descubre, por ejemplo, el Teatro Campoamor, sede de la entrega de los prestigiosos premios Pr\u00edncipe de Asturias. Gij\u00f3n, es una ciudad abierta al mar, con un agradable paseo mar\u00edtimo junto a su playa urbana, un antiguo barrio de pescadores con vistas espectaculares y la moderna Laboral Ciudad de la Cultura, centro cultural que ha revitalizado la antigua universidad. Por su parte, Avil\u00e9s acoge uno de los cascos antiguos mejor conservados de Asturias y el moderno Centro Niemeyer, la \u00faltima creaci\u00f3n en Europa del arquitecto Oscar Niemeyer.<\/p>\t\t\t\t\t\t<\/div>\n\t\t\t\t<\/div>\n\t\t\t\t\t<\/div>\n\t\t<\/div>\n\t\t\t\t\t\t\t<\/div>\n\t\t<\/section>\n\t\t\t\t\t\t\t<\/div>\n\t\t","protected":false},"excerpt":{"rendered":"<p>Descubre Asturias Asturias, el secreto mejor guardado de Espa\u00f1a Viajar a Asturias permite recordar sensaciones que con frecuencia se olvidan, como la calma de encontrarse en amplios valles verdes y pisar la hierba, el aroma del mar durante un amanecer o el roce del aire fresco mientras disfrutas de las vistas en los impresionantes miradores&hellip; <a class=\"more-link\" href=\"https:\/\/tellarestaurante.com\/cartas\/?page_id=1145\">Seguir leyendo <span class=\"screen-reader-text\">Asturias<\/span><\/a><\/p>\n","protected":false},"author":2,"featured_media":0,"parent":0,"menu_order":0,"comment_status":"closed","ping_status":"closed","template":"elementor_header_footer","meta":{"footnotes":""},"class_list":["post-1145","page","type-page","status-publish","hentry","entry"],"_links":{"self":[{"href":"https:\/\/tellarestaurante.com\/cartas\/index.php?rest_route=\/wp\/v2\/pages\/1145","targetHints":{"allow":["GET"]}}],"collection":[{"href":"https:\/\/tellarestaurante.com\/cartas\/index.php?rest_route=\/wp\/v2\/pages"}],"about":[{"href":"https:\/\/tellarestaurante.com\/cartas\/index.php?rest_route=\/wp\/v2\/types\/page"}],"author":[{"embeddable":true,"href":"https:\/\/tellarestaurante.com\/cartas\/index.php?rest_route=\/wp\/v2\/users\/2"}],"replies":[{"embeddable":true,"href":"https:\/\/tellarestaurante.com\/cartas\/index.php?rest_route=%2Fwp%2Fv2%2Fcomments&post=1145"}],"version-history":[{"count":18,"href":"https:\/\/tellarestaurante.com\/cartas\/index.php?rest_route=\/wp\/v2\/pages\/1145\/revisions"}],"predecessor-version":[{"id":1311,"href":"https:\/\/tellarestaurante.com\/cartas\/index.php?rest_route=\/wp\/v2\/pages\/1145\/revisions\/1311"}],"wp:attachment":[{"href":"https:\/\/tellarestaurante.com\/cartas\/index.php?rest_route=%2Fwp%2Fv2%2Fmedia&parent=1145"}],"curies":[{"name":"wp","href":"https:\/\/api.w.org\/{rel}","templated":true}]}}